Last updated on 2025-05-24 12:49:31 CEST.
Flavor | Version | Tinstall | Tcheck | Ttotal | Status | Flags |
---|---|---|---|---|---|---|
r-devel-linux-x86_64-debian-clang | 0.1-0 | 2.56 | 21.96 | 24.52 | NOTE | |
r-devel-linux-x86_64-debian-gcc | 0.1-0 | 2.01 | 17.63 | 19.64 | NOTE | |
r-devel-linux-x86_64-fedora-clang | 0.1-0 | 38.14 | OK | |||
r-devel-linux-x86_64-fedora-gcc | 0.1-0 | 36.03 | OK | |||
r-devel-windows-x86_64 | 0.1-0 | 3.00 | 62.00 | 65.00 | OK | |
r-patched-linux-x86_64 | 0.1-0 | 2.73 | 21.01 | 23.74 | OK | |
r-release-linux-x86_64 | 0.1-0 | 2.47 | 21.99 | 24.46 | OK | |
r-release-macos-arm64 | 0.1-0 | 17.00 | OK | |||
r-release-macos-x86_64 | 0.1-0 | 26.00 | OK | |||
r-release-windows-x86_64 | 0.1-0 | 3.00 | 53.00 | 56.00 | OK | |
r-oldrel-macos-arm64 | 0.1-0 | 16.00 | OK | |||
r-oldrel-macos-x86_64 | 0.1-0 | 25.00 | OK | |||
r-oldrel-windows-x86_64 | 0.1-0 | 3.00 | 47.00 | 50.00 | OK |
Version: 0.1-0
Check: CRAN incoming feasibility
Result: NOTE
Maintainer: ‘Julien Chiquet <julien.chiquet@gmail.com>’
No Authors@R field in DESCRIPTION.
Please add one, modifying
Authors@R: c(person(given = "Charles",
family = "Bouveyron",
role = "aut"),
person(given = "Julien",
family = "Chiquet",
role = c("aut", "cre"),
email = "julien.chiquet@gmail.com"),
person(given = "Pierre",
family = "Latouche",
role = "aut"),
person(given = "Pierre-Alexandre",
family = "Mattei",
role = "aut"))
as necessary.
Found the following \keyword or \concept entries
which likely give several index terms:
File ‘spinyReg.Rd’:
\keyword{models,}
Flavors: r-devel-linux-x86_64-debian-clang, r-devel-linux-x86_64-debian-gcc