Last updated on 2025-05-24 12:49:31 CEST.
Flavor | Version | Tinstall | Tcheck | Ttotal | Status | Flags |
---|---|---|---|---|---|---|
r-devel-linux-x86_64-debian-clang | 1.0.2 | 2.45 | 22.84 | 25.29 | NOTE | |
r-devel-linux-x86_64-debian-gcc | 1.0.2 | 1.90 | 18.33 | 20.23 | NOTE | |
r-devel-linux-x86_64-fedora-clang | 1.0.2 | 37.10 | OK | |||
r-devel-linux-x86_64-fedora-gcc | 1.0.2 | 34.97 | OK | |||
r-devel-windows-x86_64 | 1.0.2 | 3.00 | 54.00 | 57.00 | OK | |
r-patched-linux-x86_64 | 1.0.2 | 2.75 | 20.38 | 23.13 | OK | |
r-release-linux-x86_64 | 1.0.2 | 2.38 | 20.92 | 23.30 | OK | |
r-release-macos-arm64 | 1.0.2 | 15.00 | OK | |||
r-release-macos-x86_64 | 1.0.2 | 23.00 | OK | |||
r-release-windows-x86_64 | 1.0.2 | 3.00 | 49.00 | 52.00 | OK | |
r-oldrel-macos-arm64 | 1.0.2 | 15.00 | OK | |||
r-oldrel-macos-x86_64 | 1.0.2 | 21.00 | OK | |||
r-oldrel-windows-x86_64 | 1.0.2 | 3.00 | 40.00 | 43.00 | OK |
Version: 1.0.2
Check: CRAN incoming feasibility
Result: NOTE
Maintainer: ‘Roberto Villegas-Diaz <r.villegas-diaz@outlook.com>’
Package CITATION file contains call(s) to old-style citEntry(). Please
use bibentry() instead.
Flavors: r-devel-linux-x86_64-debian-clang, r-devel-linux-x86_64-debian-gcc