Last updated on 2025-05-29 18:50:35 CEST.
Flavor | Version | Tinstall | Tcheck | Ttotal | Status | Flags |
---|---|---|---|---|---|---|
r-devel-linux-x86_64-debian-clang | 0.4.0 | 80.42 | 179.38 | 259.80 | OK | |
r-devel-linux-x86_64-debian-gcc | 0.4.0 | 56.34 | 118.95 | 175.29 | OK | |
r-devel-linux-x86_64-fedora-clang | 0.4.0 | 471.39 | OK | |||
r-devel-linux-x86_64-fedora-gcc | 0.4.0 | 409.62 | OK | |||
r-devel-windows-x86_64 | 0.4.0 | 89.00 | 204.00 | 293.00 | OK | |
r-patched-linux-x86_64 | 0.4.0 | 78.06 | 167.25 | 245.31 | OK | |
r-release-linux-x86_64 | 0.4.0 | 73.42 | 169.86 | 243.28 | OK | |
r-release-macos-arm64 | 0.4.0 | 115.00 | OK | |||
r-release-macos-x86_64 | 0.4.0 | 210.00 | OK | |||
r-release-windows-x86_64 | 0.4.0 | 84.00 | 198.00 | 282.00 | OK | |
r-oldrel-macos-arm64 | 0.4.0 | 109.00 | NOTE | |||
r-oldrel-macos-x86_64 | 0.4.0 | 198.00 | NOTE | |||
r-oldrel-windows-x86_64 | 0.4.0 | 107.00 | 284.00 | 391.00 | OK |
Version: 0.4.0
Check: installed package size
Result: NOTE
installed size is 13.9Mb
sub-directories of 1Mb or more:
data 1.1Mb
help 1.2Mb
libs 11.5Mb
Flavors: r-oldrel-macos-arm64, r-oldrel-macos-x86_64