CRAN Package Check Results for Package sra

Last updated on 2025-05-25 18:50:08 CEST.

Flavor Version Tinstall Tcheck Ttotal Status Flags
r-devel-linux-x86_64-debian-clang 0.1.4.1 3.74 33.71 37.45 NOTE
r-devel-linux-x86_64-debian-gcc 0.1.4.1 2.71 24.87 27.58 NOTE
r-devel-linux-x86_64-fedora-clang 0.1.4.1 58.69 OK
r-devel-linux-x86_64-fedora-gcc 0.1.4.1 56.54 OK
r-devel-windows-x86_64 0.1.4.1 4.00 64.00 68.00 OK
r-patched-linux-x86_64 0.1.4.1 4.52 31.94 36.46 OK
r-release-linux-x86_64 0.1.4.1 3.80 31.89 35.69 OK
r-release-macos-arm64 0.1.4.1 22.00 OK
r-release-macos-x86_64 0.1.4.1 41.00 OK
r-release-windows-x86_64 0.1.4.1 4.00 61.00 65.00 OK
r-oldrel-macos-arm64 0.1.4.1 20.00 OK
r-oldrel-macos-x86_64 0.1.4.1 36.00 OK
r-oldrel-windows-x86_64 0.1.4.1 4.00 55.00 59.00 OK

Check Details

Version: 0.1.4.1
Check: CRAN incoming feasibility
Result: NOTE Maintainer: ‘Arnaud Le Rouzic <arnaud.le-rouzic@universite-paris-saclay.fr>’ No Authors@R field in DESCRIPTION. Please add one, modifying Authors@R: person(given = "Arnaud", family = "Le Rouzic", role = c("aut", "cre"), email = "arnaud.le-rouzic@universite-paris-saclay.fr") as necessary. Flavors: r-devel-linux-x86_64-debian-clang, r-devel-linux-x86_64-debian-gcc

mirror server hosted at Truenetwork, Russian Federation.