CRAN Package Check Results for Package survC1

Last updated on 2025-05-28 12:49:48 CEST.

Flavor Version Tinstall Tcheck Ttotal Status Flags
r-devel-linux-x86_64-debian-clang 1.0-3 7.51 61.96 69.47 NOTE
r-devel-linux-x86_64-debian-gcc 1.0-3 5.29 45.83 51.12 NOTE
r-devel-linux-x86_64-fedora-clang 1.0-3 104.11 OK
r-devel-linux-x86_64-fedora-gcc 1.0-3 100.58 OK
r-devel-windows-x86_64 1.0-3 11.00 77.00 88.00 OK
r-patched-linux-x86_64 1.0-3 7.03 59.29 66.32 OK
r-release-linux-x86_64 1.0-3 6.27 59.99 66.26 OK
r-release-macos-arm64 1.0-3 39.00 OK
r-release-macos-x86_64 1.0-3 67.00 OK
r-release-windows-x86_64 1.0-3 10.00 78.00 88.00 OK
r-oldrel-macos-arm64 1.0-3 34.00 OK
r-oldrel-macos-x86_64 1.0-3 80.00 OK
r-oldrel-windows-x86_64 1.0-3 12.00 91.00 103.00 OK

Check Details

Version: 1.0-3
Check: CRAN incoming feasibility
Result: NOTE Maintainer: ‘Hajime Uno <huno@jimmy.harvard.edu>’ No Authors@R field in DESCRIPTION. Please add one, modifying Authors@R: person(given = "Hajime", family = "Uno", role = c("aut", "cre"), email = "huno@jimmy.harvard.edu") as necessary. Flavors: r-devel-linux-x86_64-debian-clang, r-devel-linux-x86_64-debian-gcc

mirror server hosted at Truenetwork, Russian Federation.