Last updated on 2025-05-28 00:49:16 CEST.
Flavor | Version | Tinstall | Tcheck | Ttotal | Status | Flags |
---|---|---|---|---|---|---|
r-devel-linux-x86_64-debian-clang | 1.3 | 3.57 | 22.92 | 26.49 | NOTE | |
r-devel-linux-x86_64-debian-gcc | 1.3 | 2.75 | 19.14 | 21.89 | NOTE | |
r-devel-linux-x86_64-fedora-clang | 1.3 | 41.91 | OK | |||
r-devel-linux-x86_64-fedora-gcc | 1.3 | 51.75 | OK | |||
r-devel-windows-x86_64 | 1.3 | 7.00 | 53.00 | 60.00 | OK | |
r-patched-linux-x86_64 | 1.3 | 3.63 | 21.84 | 25.47 | OK | |
r-release-linux-x86_64 | 1.3 | 3.34 | 21.95 | 25.29 | OK | |
r-release-macos-arm64 | 1.3 | 26.00 | OK | |||
r-release-macos-x86_64 | 1.3 | 43.00 | OK | |||
r-release-windows-x86_64 | 1.3 | 6.00 | 58.00 | 64.00 | OK | |
r-oldrel-macos-arm64 | 1.3 | 24.00 | OK | |||
r-oldrel-macos-x86_64 | 1.3 | 34.00 | OK | |||
r-oldrel-windows-x86_64 | 1.3 | 6.00 | 53.00 | 59.00 | OK |
Version: 1.3
Check: CRAN incoming feasibility
Result: NOTE
Maintainer: ‘Jing Hua Zhao <jinghuazhao@hotmail.com>’
No Authors@R field in DESCRIPTION.
Please add one, modifying
Authors@R: c(person(given = "David",
family = "Clayton",
role = "aut"),
person(given = c("Jing", "Hua"),
family = "Zhao",
role = "cre",
email = "jinghuazhao@hotmail.com"))
as necessary.
Flavors: r-devel-linux-x86_64-debian-clang, r-devel-linux-x86_64-debian-gcc