CRAN Package Check Results for Package tidyCpp

Last updated on 2025-05-29 18:50:36 CEST.

Flavor Version Tinstall Tcheck Ttotal Status Flags
r-devel-linux-x86_64-debian-clang 0.0.7 1.24 15.37 16.61 NOTE
r-devel-linux-x86_64-debian-gcc 0.0.7 1.05 12.71 13.76 NOTE
r-devel-linux-x86_64-fedora-clang 0.0.7 25.33 OK
r-devel-linux-x86_64-fedora-gcc 0.0.7 36.71 OK
r-devel-windows-x86_64 0.0.7 2.00 37.00 39.00 OK
r-patched-linux-x86_64 0.0.7 1.14 13.97 15.11 OK
r-release-linux-x86_64 0.0.7 1.21 14.18 15.39 OK
r-release-macos-arm64 0.0.7 19.00 OK
r-release-macos-x86_64 0.0.7 50.00 OK
r-release-windows-x86_64 0.0.7 3.00 43.00 46.00 OK
r-oldrel-macos-arm64 0.0.7 17.00 OK
r-oldrel-macos-x86_64 0.0.7 33.00 OK
r-oldrel-windows-x86_64 0.0.7 3.00 40.00 43.00 OK

Check Details

Version: 0.0.7
Check: CRAN incoming feasibility
Result: NOTE Maintainer: ‘Dirk Eddelbuettel <edd@debian.org>’ No Authors@R field in DESCRIPTION. Please add one, modifying Authors@R: person(given = "Dirk", family = "Eddelbuettel", role = c("aut", "cre"), email = "edd@debian.org") as necessary. Flavors: r-devel-linux-x86_64-debian-clang, r-devel-linux-x86_64-debian-gcc

mirror server hosted at Truenetwork, Russian Federation.