CRAN Package Check Results for Package tidyREDCap

Last updated on 2025-05-29 18:50:36 CEST.

Flavor Version Tinstall Tcheck Ttotal Status Flags
r-devel-linux-x86_64-debian-clang 1.1.2 5.86 72.62 78.48 NOTE
r-devel-linux-x86_64-debian-gcc 1.1.2 4.77 53.97 58.74 NOTE
r-devel-linux-x86_64-fedora-clang 1.1.2 119.04 NOTE
r-devel-linux-x86_64-fedora-gcc 1.1.2 137.78 NOTE
r-devel-windows-x86_64 1.1.2 7.00 91.00 98.00 NOTE
r-patched-linux-x86_64 1.1.2 5.44 67.56 73.00 NOTE
r-release-linux-x86_64 1.1.2 5.69 67.99 73.68 NOTE
r-release-macos-arm64 1.1.2 57.00 NOTE
r-release-macos-x86_64 1.1.2 83.00 NOTE
r-release-windows-x86_64 1.1.2 6.00 92.00 98.00 NOTE
r-oldrel-macos-arm64 1.1.2 56.00 OK
r-oldrel-macos-x86_64 1.1.2 83.00 OK
r-oldrel-windows-x86_64 1.1.2 10.00 108.00 118.00 OK

Check Details

Version: 1.1.2
Check: DESCRIPTION meta-information
Result: NOTE Missing dependency on R >= 4.1.0 because package code uses the pipe |> or function shorthand \(...) syntax added in R 4.1.0. File(s) using such syntax: ‘import_instruments.R’ ‘make_choose_all_table.R’ Flavors: r-devel-linux-x86_64-debian-clang, r-devel-linux-x86_64-debian-gcc, r-devel-linux-x86_64-fedora-clang, r-devel-linux-x86_64-fedora-gcc, r-devel-windows-x86_64, r-patched-linux-x86_64, r-release-linux-x86_64, r-release-macos-arm64, r-release-macos-x86_64, r-release-windows-x86_64

mirror server hosted at Truenetwork, Russian Federation.