Last updated on 2025-05-29 18:50:36 CEST.
Flavor | Version | Tinstall | Tcheck | Ttotal | Status | Flags |
---|---|---|---|---|---|---|
r-devel-linux-x86_64-debian-clang | 0.3.2 | 7.25 | 229.60 | 236.85 | NOTE | |
r-devel-linux-x86_64-debian-gcc | 0.3.2 | 4.58 | 156.05 | 160.63 | NOTE | |
r-devel-linux-x86_64-fedora-clang | 0.3.2 | 355.38 | NOTE | |||
r-devel-linux-x86_64-fedora-gcc | 0.3.2 | 362.21 | NOTE | |||
r-devel-windows-x86_64 | 0.3.2 | 9.00 | 206.00 | 215.00 | NOTE | |
r-patched-linux-x86_64 | 0.3.2 | 7.54 | 219.55 | 227.09 | NOTE | |
r-release-linux-x86_64 | 0.3.2 | 6.67 | 223.89 | 230.56 | NOTE | |
r-release-macos-arm64 | 0.3.2 | 114.00 | NOTE | |||
r-release-macos-x86_64 | 0.3.2 | 235.00 | NOTE | |||
r-release-windows-x86_64 | 0.3.2 | 10.00 | 197.00 | 207.00 | NOTE | |
r-oldrel-macos-arm64 | 0.3.2 | 96.00 | NOTE | |||
r-oldrel-macos-x86_64 | 0.3.2 | 174.00 | NOTE | |||
r-oldrel-windows-x86_64 | 0.3.2 | 12.00 | 285.00 | 297.00 | NOTE |
Version: 0.3.2
Check: Rd files
Result: NOTE
checkRd: (-1) json_schema.Rd:33: Lost braces; missing escapes or markup?
33 | \item object -> {"name": <type>} e.g., {"age": 32} -> {"age": "number"}
| ^
checkRd: (-1) json_schema.Rd:33: Lost braces; missing escapes or markup?
33 | \item object -> {"name": <type>} e.g., {"age": 32} -> {"age": "number"}
| ^
checkRd: (-1) json_schema.Rd:33: Lost braces; missing escapes or markup?
33 | \item object -> {"name": <type>} e.g., {"age": 32} -> {"age": "number"}
| ^
Flavors: r-devel-linux-x86_64-debian-clang, r-devel-linux-x86_64-debian-gcc, r-devel-linux-x86_64-fedora-clang, r-devel-linux-x86_64-fedora-gcc, r-devel-windows-x86_64, r-patched-linux-x86_64, r-release-linux-x86_64, r-release-macos-arm64, r-release-macos-x86_64, r-release-windows-x86_64, r-oldrel-macos-arm64, r-oldrel-macos-x86_64, r-oldrel-windows-x86_64