Last updated on 2025-05-24 18:50:16 CEST.
Flavor | Version | Tinstall | Tcheck | Ttotal | Status | Flags |
---|---|---|---|---|---|---|
r-devel-linux-x86_64-debian-clang | 1.1 | 1.83 | 19.70 | 21.53 | NOTE | |
r-devel-linux-x86_64-debian-gcc | 1.1 | 1.47 | 16.36 | 17.83 | NOTE | |
r-devel-linux-x86_64-fedora-clang | 1.1 | 33.14 | OK | |||
r-devel-linux-x86_64-fedora-gcc | 1.1 | 31.44 | OK | |||
r-devel-windows-x86_64 | 1.1 | 5.00 | 48.00 | 53.00 | OK | |
r-patched-linux-x86_64 | 1.1 | 1.50 | 18.74 | 20.24 | OK | |
r-release-linux-x86_64 | 1.1 | 1.65 | 18.75 | 20.40 | OK | |
r-release-macos-arm64 | 1.1 | 17.00 | OK | |||
r-release-macos-x86_64 | 1.1 | 26.00 | OK | |||
r-release-windows-x86_64 | 1.1 | 5.00 | 46.00 | 51.00 | OK | |
r-oldrel-macos-arm64 | 1.1 | 16.00 | OK | |||
r-oldrel-macos-x86_64 | 1.1 | 22.00 | OK | |||
r-oldrel-windows-x86_64 | 1.1 | 2.00 | 40.00 | 42.00 | OK |
Version: 1.1
Check: CRAN incoming feasibility
Result: NOTE
Maintainer: ‘Chi Song <song.1188@osu.edu>’
No Authors@R field in DESCRIPTION.
Please add one, modifying
Authors@R: c(person(given = c("George", "C."),
family = "Tseng",
role = "aut",
email = "ctseng@pitt.edu"),
person(given = c("Wing", "H."),
family = "Wong",
role = "aut",
email = "whwong@stanford.edu"),
person(given = "Chi",
family = "Song",
role = "cre",
email = "song.1188@osu.edu"))
as necessary.
Flavors: r-devel-linux-x86_64-debian-clang, r-devel-linux-x86_64-debian-gcc