Last updated on 2025-05-25 00:50:20 CEST.
Flavor | Version | Tinstall | Tcheck | Ttotal | Status | Flags |
---|---|---|---|---|---|---|
r-devel-linux-x86_64-debian-clang | 1.3 | 3.25 | 27.84 | 31.09 | NOTE | |
r-devel-linux-x86_64-debian-gcc | 1.3 | 2.17 | 21.20 | 23.37 | NOTE | |
r-devel-linux-x86_64-fedora-clang | 1.3 | 48.39 | OK | |||
r-devel-linux-x86_64-fedora-gcc | 1.3 | 48.17 | OK | |||
r-devel-windows-x86_64 | 1.3 | 4.00 | 66.00 | 70.00 | OK | |
r-patched-linux-x86_64 | 1.3 | 3.87 | 25.81 | 29.68 | OK | |
r-release-linux-x86_64 | 1.3 | 3.14 | 26.47 | 29.61 | OK | |
r-release-macos-arm64 | 1.3 | 18.00 | OK | |||
r-release-macos-x86_64 | 1.3 | 33.00 | OK | |||
r-release-windows-x86_64 | 1.3 | 5.00 | 57.00 | 62.00 | OK | |
r-oldrel-macos-arm64 | 1.3 | 16.00 | OK | |||
r-oldrel-macos-x86_64 | 1.3 | 40.00 | OK | |||
r-oldrel-windows-x86_64 | 1.3 | 4.00 | 51.00 | 55.00 | OK |
Version: 1.3
Check: CRAN incoming feasibility
Result: NOTE
Maintainer: ‘Michael Stewart <michael.stewart@sydney.edu.au>’
No Authors@R field in DESCRIPTION.
Please add one, modifying
Authors@R: c(person(given = "Marc",
family = "Raimondo",
role = "aut",
email = "marcr@maths.usyd.edu.au"),
person(given = "Michael",
family = "Stewart",
role = c("aut", "cre"),
email = "michael.stewart@sydney.edu.au"))
as necessary.
Flavors: r-devel-linux-x86_64-debian-clang, r-devel-linux-x86_64-debian-gcc