CRAN Package Check Results for Package A3

Last updated on 2025-05-28 12:49:27 CEST.

Flavor Version Tinstall Tcheck Ttotal Status Flags
r-devel-linux-x86_64-debian-clang 1.0.0 2.20 24.94 27.14 NOTE
r-devel-linux-x86_64-debian-gcc 1.0.0 1.80 18.06 19.86 NOTE
r-devel-linux-x86_64-fedora-clang 1.0.0 44.40 OK
r-devel-linux-x86_64-fedora-gcc 1.0.0 42.91 OK
r-devel-windows-x86_64 1.0.0 3.00 57.00 60.00 NOTE
r-patched-linux-x86_64 1.0.0 2.16 23.63 25.79 NOTE
r-release-linux-x86_64 1.0.0 2.28 25.04 27.32 NOTE
r-release-macos-arm64 1.0.0 18.00 OK
r-release-macos-x86_64 1.0.0 27.00 OK
r-release-windows-x86_64 1.0.0 3.00 47.00 50.00 NOTE
r-oldrel-macos-arm64 1.0.0 16.00 OK
r-oldrel-macos-x86_64 1.0.0 25.00 OK
r-oldrel-windows-x86_64 1.0.0 3.00 54.00 57.00 OK

Check Details

Version: 1.0.0
Check: CRAN incoming feasibility
Result: NOTE Maintainer: ‘Scott Fortmann-Roe <scottfr@berkeley.edu>’ No Authors@R field in DESCRIPTION. Please add one, modifying Authors@R: person(given = "Scott", family = "Fortmann-Roe", role = c("aut", "cre"), email = "scottfr@berkeley.edu") as necessary. Package CITATION file contains call(s) to old-style personList() or as.personList(). Please use c() on person objects instead. Package CITATION file contains call(s) to old-style citEntry(). Please use bibentry() instead. Flavors: r-devel-linux-x86_64-debian-clang, r-devel-linux-x86_64-debian-gcc

Version: 1.0.0
Check: Rd cross-references
Result: NOTE Found the following Rd file(s) with Rd \link{} targets missing package anchors: xtable.A3.Rd: print.xtable Please provide package anchors for all Rd \link{} targets not in the package itself and the base packages. Flavors: r-devel-linux-x86_64-debian-clang, r-devel-linux-x86_64-debian-gcc, r-devel-windows-x86_64, r-patched-linux-x86_64, r-release-linux-x86_64, r-release-windows-x86_64

mirror server hosted at Truenetwork, Russian Federation.