Last updated on 2025-05-09 12:50:09 CEST.
Flavor | Version | Tinstall | Tcheck | Ttotal | Status | Flags |
---|---|---|---|---|---|---|
r-devel-linux-x86_64-debian-clang | 0.9.0 | 1.81 | 50.38 | 52.19 | NOTE | |
r-devel-linux-x86_64-debian-gcc | 0.9.0 | 1.39 | 37.32 | 38.71 | NOTE | |
r-devel-linux-x86_64-fedora-clang | 0.9.0 | 80.82 | OK | |||
r-devel-linux-x86_64-fedora-gcc | 0.9.0 | 91.98 | OK | |||
r-devel-windows-x86_64 | 0.9.0 | 4.00 | 81.00 | 85.00 | OK | |
r-patched-linux-x86_64 | 0.9.0 | 1.89 | 49.43 | 51.32 | OK | |
r-release-linux-x86_64 | 0.9.0 | 1.78 | 49.55 | 51.33 | OK | |
r-release-macos-arm64 | 0.9.0 | 38.00 | OK | |||
r-release-macos-x86_64 | 0.9.0 | 70.00 | OK | |||
r-release-windows-x86_64 | 0.9.0 | 4.00 | 69.00 | 73.00 | OK | |
r-oldrel-macos-arm64 | 0.9.0 | 40.00 | OK | |||
r-oldrel-macos-x86_64 | 0.9.0 | 57.00 | OK | |||
r-oldrel-windows-x86_64 | 0.9.0 | 3.00 | 84.00 | 87.00 | OK |
Version: 0.9.0
Check: CRAN incoming feasibility
Result: NOTE
Maintainer: ‘Abdulmonem Alsaleh <a.alsaleh@hotmail.co.nz>’
No Authors@R field in DESCRIPTION.
Please add one, modifying
Authors@R: c(person(given = "Abdulmonem",
family = "Alsaleh",
role = c("cre", "aut"),
email = "a.alsaleh@hotmail.co.nz"),
person(given = "Robert",
family = "Weeks",
role = "aut"),
person(given = "Ian",
family = "Morison",
role = "aut"),
person(family = "RStudio",
role = "ctb"))
as necessary.
Flavors: r-devel-linux-x86_64-debian-clang, r-devel-linux-x86_64-debian-gcc