CRAN Package Check Results for Package ABCanalysis

Last updated on 2025-05-12 06:50:10 CEST.

Flavor Version Tinstall Tcheck Ttotal Status Flags
r-devel-linux-x86_64-debian-clang 1.2.1 2.46 21.39 23.85 NOTE
r-devel-linux-x86_64-debian-gcc 1.2.1 1.77 16.20 17.97 NOTE
r-devel-linux-x86_64-fedora-clang 1.2.1 38.33 OK
r-devel-linux-x86_64-fedora-gcc 1.2.1 35.27 OK
r-devel-windows-x86_64 1.2.1 6.00 57.00 63.00 OK
r-patched-linux-x86_64 1.2.1 2.43 21.42 23.85 OK
r-release-linux-x86_64 1.2.1 2.08 21.53 23.61 OK
r-release-macos-arm64 1.2.1 16.00 OK
r-release-macos-x86_64 1.2.1 25.00 OK
r-release-windows-x86_64 1.2.1 5.00 57.00 62.00 OK
r-oldrel-macos-arm64 1.2.1 15.00 OK
r-oldrel-macos-x86_64 1.2.1 29.00 OK
r-oldrel-windows-x86_64 1.2.1 5.00 57.00 62.00 OK

Check Details

Version: 1.2.1
Check: CRAN incoming feasibility
Result: NOTE Maintainer: ‘Florian Lerch <lerch@mathematik.uni-marburg.de>’ No Authors@R field in DESCRIPTION. Please add one, modifying Authors@R: c(person(given = "Michael", family = "Thrun", role = "aut"), person(given = "Jorn", family = "Lotsch", role = "aut"), person(given = "Alfred", family = "Ultsch", role = "aut"), person(given = "Florian", family = "Lerch", role = "cre", email = "lerch@mathematik.uni-marburg.de")) as necessary. Found the following \keyword or \concept entries which likely give several index terms: File ‘SwissInhabitants.Rd’: \keyword{datasets,SwissInhabitants,SwissInhabitant [TRUNCATED] Flavors: r-devel-linux-x86_64-debian-clang, r-devel-linux-x86_64-debian-gcc

mirror server hosted at Truenetwork, Russian Federation.