CRAN Package Check Results for Package ACNE

Last updated on 2025-05-26 00:48:25 CEST.

Flavor Version Tinstall Tcheck Ttotal Status Flags
r-devel-linux-x86_64-debian-clang 0.9.1 5.46 52.21 57.67 NOTE
r-devel-linux-x86_64-debian-gcc 0.9.1 4.11 37.18 41.29 NOTE
r-devel-linux-x86_64-fedora-clang 0.9.1 91.50 OK
r-devel-linux-x86_64-fedora-gcc 0.9.1 91.61 OK
r-devel-windows-x86_64 0.9.1 7.00 88.00 95.00 NOTE
r-patched-linux-x86_64 0.9.1 5.68 48.72 54.40 NOTE
r-release-linux-x86_64 0.9.1 5.73 50.17 55.90 NOTE
r-release-macos-arm64 0.9.1 28.00 OK
r-release-macos-x86_64 0.9.1 55.00 OK
r-release-windows-x86_64 0.9.1 7.00 69.00 76.00 NOTE
r-oldrel-macos-arm64 0.9.1 30.00 OK
r-oldrel-macos-x86_64 0.9.1 44.00 OK
r-oldrel-windows-x86_64 0.9.1 10.00 89.00 99.00 OK

Check Details

Version: 0.9.1
Check: Rd cross-references
Result: NOTE Found the following Rd file(s) with Rd \link{} targets missing package anchors: doACNE.Rd: AffymetrixCelSet, Verbose Please provide package anchors for all Rd \link{} targets not in the package itself and the base packages. Flavors: r-devel-linux-x86_64-debian-clang, r-devel-linux-x86_64-debian-gcc, r-devel-windows-x86_64, r-patched-linux-x86_64, r-release-linux-x86_64, r-release-windows-x86_64

mirror server hosted at Truenetwork, Russian Federation.