CRAN Package Check Results for Package ART

Last updated on 2025-07-13 00:48:20 CEST.

Flavor Version Tinstall Tcheck Ttotal Status Flags
r-devel-linux-x86_64-debian-clang 1.0 1.94 21.56 23.50 NOTE
r-devel-linux-x86_64-debian-gcc 1.0 1.59 17.80 19.39 NOTE
r-devel-linux-x86_64-fedora-clang 1.0 37.37 OK
r-devel-linux-x86_64-fedora-gcc 1.0 34.81 OK
r-devel-windows-x86_64 1.0 4.00 40.00 44.00 OK
r-patched-linux-x86_64 1.0 2.05 20.50 22.55 OK
r-release-linux-x86_64 1.0 1.24 20.78 22.02 OK
r-release-macos-arm64 1.0 18.00 OK
r-release-macos-x86_64 1.0 26.00 OK
r-release-windows-x86_64 1.0 4.00 46.00 50.00 OK
r-oldrel-macos-arm64 1.0 17.00 OK
r-oldrel-macos-x86_64 1.0 22.00 OK
r-oldrel-windows-x86_64 1.0 5.00 45.00 50.00 OK

Check Details

Version: 1.0
Check: CRAN incoming feasibility
Result: NOTE Maintainer: ‘Pablo J. Villacorta <pjvi@decsai.ugr.es>’ No Authors@R field in DESCRIPTION. Please add one, modifying Authors@R: person(given = c("Pablo", "J."), family = "Villacorta", role = c("aut", "cre"), email = "pjvi@decsai.ugr.es") as necessary. Flavors: r-devel-linux-x86_64-debian-clang, r-devel-linux-x86_64-debian-gcc

mirror server hosted at Truenetwork, Russian Federation.