Last updated on 2025-11-03 11:49:36 CET.
| Flavor | Version | Tinstall | Tcheck | Ttotal | Status | Flags |
|---|---|---|---|---|---|---|
| r-devel-linux-x86_64-debian-clang | 1.1.4 | 42.23 | 41.64 | 83.87 | OK | |
| r-devel-linux-x86_64-debian-gcc | 1.1.4 | 28.78 | 30.24 | 59.02 | OK | |
| r-devel-linux-x86_64-fedora-clang | 1.1.4 | 68.00 | 64.76 | 132.76 | OK | |
| r-devel-linux-x86_64-fedora-gcc | 1.1.4 | 77.00 | 60.56 | 137.56 | OK | |
| r-devel-windows-x86_64 | 1.1.4 | 43.00 | 88.00 | 131.00 | OK | |
| r-patched-linux-x86_64 | 1.1.4 | 44.53 | 38.77 | 83.30 | OK | |
| r-release-linux-x86_64 | 1.1.4 | 40.38 | 38.68 | 79.06 | OK | |
| r-release-macos-arm64 | 1.1.4 | 16.00 | 23.00 | 39.00 | OK | |
| r-release-macos-x86_64 | 1.1.4 | 35.00 | 43.00 | 78.00 | OK | |
| r-release-windows-x86_64 | 1.1.4 | 43.00 | 85.00 | 128.00 | OK | |
| r-oldrel-macos-arm64 | 1.1.4 | 16.00 | 20.00 | 36.00 | NOTE | |
| r-oldrel-macos-x86_64 | 1.1.4 | 25.00 | 29.00 | 54.00 | NOTE | |
| r-oldrel-windows-x86_64 | 1.1.4 | 52.00 | 106.00 | 158.00 | OK |
Version: 1.1.4
Check: installed package size
Result: NOTE
installed size is 6.1Mb
sub-directories of 1Mb or more:
libs 6.0Mb
Flavors: r-oldrel-macos-arm64, r-oldrel-macos-x86_64