CRAN Package Check Results for Package AdhereRViz

Last updated on 2025-07-13 06:48:17 CEST.

Flavor Version Tinstall Tcheck Ttotal Status Flags
r-devel-linux-x86_64-debian-clang 0.2.1 6.44 61.86 68.30 NOTE
r-devel-linux-x86_64-debian-gcc 0.2.1 5.33 44.40 49.73 NOTE
r-devel-linux-x86_64-fedora-clang 0.2.1 106.82 OK
r-devel-linux-x86_64-fedora-gcc 0.2.1 110.74 OK
r-devel-windows-x86_64 0.2.1 10.00 71.00 81.00 OK
r-patched-linux-x86_64 0.2.1 5.32 56.91 62.23 OK
r-release-linux-x86_64 0.2.1 6.54 56.40 62.94 OK
r-release-macos-arm64 0.2.1 40.00 OK
r-release-macos-x86_64 0.2.1 86.00 OK
r-release-windows-x86_64 0.2.1 10.00 76.00 86.00 OK
r-oldrel-macos-arm64 0.2.1 39.00 OK
r-oldrel-macos-x86_64 0.2.1 59.00 OK
r-oldrel-windows-x86_64 0.2.1 12.00 85.00 97.00 OK

Check Details

Version: 0.2.1
Check: CRAN incoming feasibility
Result: NOTE Maintainer: ‘Dan Dediu <ddediu@gmail.com>’ Package CITATION file contains call(s) to old-style personList() or as.personList(). Please use c() on person objects instead. Package CITATION file contains call(s) to old-style citEntry(). Please use bibentry() instead. Flavors: r-devel-linux-x86_64-debian-clang, r-devel-linux-x86_64-debian-gcc

mirror server hosted at Truenetwork, Russian Federation.