Last updated on 2025-02-22 17:49:38 CET.
Flavor | Version | Tinstall | Tcheck | Ttotal | Status | Flags |
---|---|---|---|---|---|---|
r-devel-linux-x86_64-debian-clang | 0.1.1 | 3.71 | 33.75 | 37.46 | OK | |
r-devel-linux-x86_64-debian-gcc | 0.1.1 | 2.97 | 24.60 | 27.57 | OK | |
r-devel-linux-x86_64-fedora-clang | 0.1.1 | 60.95 | OK | |||
r-devel-linux-x86_64-fedora-gcc | 0.1.1 | 59.02 | OK | |||
r-devel-macos-arm64 | 0.1.1 | 23.00 | OK | |||
r-devel-macos-x86_64 | 0.1.1 | 39.00 | OK | |||
r-devel-windows-x86_64 | 0.1.1 | 5.00 | 57.00 | 62.00 | OK | |
r-patched-linux-x86_64 | 0.1.1 | 3.47 | 31.46 | 34.93 | NOTE | |
r-release-linux-x86_64 | 0.1.1 | 3.32 | 31.19 | 34.51 | NOTE | |
r-release-macos-arm64 | 0.1.1 | 23.00 | NOTE | |||
r-release-macos-x86_64 | 0.1.1 | 34.00 | NOTE | |||
r-release-windows-x86_64 | 0.1.1 | 6.00 | 58.00 | 64.00 | NOTE | |
r-oldrel-macos-arm64 | 0.1.1 | 23.00 | NOTE | |||
r-oldrel-macos-x86_64 | 0.1.1 | 33.00 | NOTE | |||
r-oldrel-windows-x86_64 | 0.1.1 | 6.00 | 62.00 | 68.00 | NOTE |
Version: 0.1.1
Check: LazyData
Result: NOTE
'LazyData' is specified without a 'data' directory
Flavors: r-patched-linux-x86_64, r-release-linux-x86_64, r-release-macos-arm64, r-release-macos-x86_64, r-release-windows-x86_64, r-oldrel-macos-arm64, r-oldrel-macos-x86_64, r-oldrel-windows-x86_64