Last updated on 2024-06-29 12:48:10 CEST.
Flavor | Version | Tinstall | Tcheck | Ttotal | Status | Flags |
---|---|---|---|---|---|---|
r-devel-linux-x86_64-debian-clang | 0.1.4.4 | 287.19 | 255.10 | 542.29 | NOTE | |
r-devel-linux-x86_64-debian-gcc | 0.1.4.4 | 215.89 | 179.87 | 395.76 | NOTE | |
r-devel-linux-x86_64-fedora-clang | 0.1.4.4 | 771.91 | NOTE | |||
r-devel-linux-x86_64-fedora-gcc | 0.1.4.4 | 810.44 | NOTE | |||
r-devel-windows-x86_64 | 0.1.4.4 | 214.00 | 226.00 | 440.00 | NOTE | |
r-patched-linux-x86_64 | 0.1.4.4 | 257.21 | 247.09 | 504.30 | NOTE | |
r-release-linux-x86_64 | 0.1.4.4 | 264.07 | 238.01 | 502.08 | NOTE | |
r-release-macos-arm64 | 0.1.4.4 | 157.00 | NOTE | |||
r-release-macos-x86_64 | 0.1.4.4 | 197.00 | NOTE | |||
r-release-windows-x86_64 | 0.1.4.4 | 213.00 | 229.00 | 442.00 | NOTE | |
r-oldrel-macos-arm64 | 0.1.4.4 | 198.00 | NOTE | |||
r-oldrel-macos-x86_64 | 0.1.4.4 | 338.00 | NOTE | |||
r-oldrel-windows-x86_64 | 0.1.4.4 | 227.00 | 302.00 | 529.00 | NOTE |
Version: 0.1.4.4
Check: C++ specification
Result: NOTE
Specified C++11: please drop specification unless essential
Flavors: r-devel-linux-x86_64-debian-clang, r-devel-linux-x86_64-debian-gcc, r-devel-linux-x86_64-fedora-clang, r-devel-linux-x86_64-fedora-gcc, r-devel-windows-x86_64, r-patched-linux-x86_64, r-release-linux-x86_64, r-release-macos-arm64, r-release-macos-x86_64, r-release-windows-x86_64, r-oldrel-macos-arm64, r-oldrel-macos-x86_64, r-oldrel-windows-x86_64
Version: 0.1.4.4
Check: LazyData
Result: NOTE
'LazyData' is specified without a 'data' directory
Flavors: r-devel-linux-x86_64-debian-clang, r-devel-linux-x86_64-debian-gcc, r-devel-linux-x86_64-fedora-clang, r-devel-linux-x86_64-fedora-gcc, r-devel-windows-x86_64, r-patched-linux-x86_64, r-release-linux-x86_64, r-release-macos-arm64, r-release-macos-x86_64, r-release-windows-x86_64, r-oldrel-macos-arm64, r-oldrel-macos-x86_64, r-oldrel-windows-x86_64
Version: 0.1.4.4
Check: installed package size
Result: NOTE
installed size is 24.7Mb
sub-directories of 1Mb or more:
libs 23.2Mb
Flavors: r-release-macos-arm64, r-release-macos-x86_64, r-oldrel-macos-arm64, r-oldrel-macos-x86_64