Last updated on 2025-11-03 17:49:43 CET.
| Flavor | Version | Tinstall | Tcheck | Ttotal | Status | Flags |
|---|---|---|---|---|---|---|
| r-devel-linux-x86_64-debian-clang | 1.1-7 | 3.52 | 45.23 | 48.75 | NOTE | |
| r-devel-linux-x86_64-debian-gcc | 1.1-7 | 2.87 | 34.23 | 37.10 | NOTE | |
| r-devel-linux-x86_64-fedora-clang | 1.1-7 | 10.00 | 61.53 | 71.53 | OK | |
| r-devel-linux-x86_64-fedora-gcc | 1.1-7 | 68.38 | OK | |||
| r-devel-windows-x86_64 | 1.1-7 | 8.00 | 68.00 | 76.00 | OK | |
| r-patched-linux-x86_64 | 1.1-7 | 3.96 | 42.07 | 46.03 | OK | |
| r-release-linux-x86_64 | 1.1-7 | 3.89 | 42.54 | 46.43 | OK | |
| r-release-macos-arm64 | 1.1-7 | 4.00 | 28.00 | 32.00 | OK | |
| r-release-macos-x86_64 | 1.1-7 | 4.00 | 42.00 | 46.00 | OK | |
| r-release-windows-x86_64 | 1.1-7 | 5.00 | 64.00 | 69.00 | OK | |
| r-oldrel-macos-arm64 | 1.1-7 | 2.00 | 23.00 | 25.00 | OK | |
| r-oldrel-macos-x86_64 | 1.1-7 | 3.00 | 34.00 | 37.00 | OK | |
| r-oldrel-windows-x86_64 | 1.1-7 | 7.00 | 77.00 | 84.00 | OK |
Version: 1.1-7
Check: CRAN incoming feasibility
Result: NOTE
Maintainer: ‘Max Kuhn <mxkuhn@gmail.com>’
No Authors@R field in DESCRIPTION.
Please add one, modifying
Authors@R: c(person(given = "Max",
family = "Kuhn",
role = c("aut", "cre"),
email = "mxkuhn@gmail.com"),
person(given = "Kjell",
family = "Johnson",
role = "aut"))
as necessary.
Flavors: r-devel-linux-x86_64-debian-clang, r-devel-linux-x86_64-debian-gcc