CRAN Package Check Results for Package ArchaeoPhases

Last updated on 2025-05-28 06:51:20 CEST.

Flavor Version Tinstall Tcheck Ttotal Status Flags
r-devel-linux-x86_64-debian-clang 2.0 8.60 107.68 116.28 NOTE
r-devel-linux-x86_64-debian-gcc 2.0 5.94 82.08 88.02 NOTE
r-devel-linux-x86_64-fedora-clang 2.0 200.61 OK
r-devel-linux-x86_64-fedora-gcc 2.0 203.49 OK
r-devel-windows-x86_64 2.0 10.00 134.00 144.00 NOTE
r-patched-linux-x86_64 2.0 10.70 103.29 113.99 NOTE
r-release-linux-x86_64 2.0 9.29 102.21 111.50 NOTE
r-release-macos-arm64 2.0 67.00 OK
r-release-macos-x86_64 2.0 114.00 OK
r-release-windows-x86_64 2.0 11.00 131.00 142.00 NOTE
r-oldrel-macos-arm64 2.0 70.00 NOTE
r-oldrel-macos-x86_64 2.0 176.00 NOTE
r-oldrel-windows-x86_64 2.0 15.00 155.00 170.00 NOTE

Check Details

Version: 2.0
Check: Rd cross-references
Result: NOTE Found the following Rd file(s) with Rd \link{} targets missing package anchors: ActivityEvents-class.Rd: TimeSeries-class ArchaeoPhases-package.Rd: TimeScale-class CumulativeEvents-class.Rd: TimeSeries-class activity.Rd: TimeScale-class as_events.Rd: TimeScale-class as_phases.Rd: TimeScale-class bury.Rd: TimeScale-class data.frame.Rd: TimeScale-class interval_credible.Rd: TimeScale-class interval_hdr.Rd: TimeScale-class occurrence.Rd: TimeScale-class plot_events.Rd: TimeScale-class plot_phases.Rd: TimeScale-class read_bcal.Rd: TimeScale-class read_chronomodel.Rd: TimeScale-class read_oxcal.Rd: TimeScale-class summary.Rd: TimeScale-class tempo.Rd: TimeScale-class Please provide package anchors for all Rd \link{} targets not in the package itself and the base packages. Flavors: r-devel-linux-x86_64-debian-clang, r-devel-linux-x86_64-debian-gcc, r-devel-windows-x86_64, r-patched-linux-x86_64, r-release-linux-x86_64, r-release-windows-x86_64

Version: 2.0
Check: package dependencies
Result: NOTE Package suggested but not available for checking: ‘ArchaeoData’ Flavors: r-oldrel-macos-arm64, r-oldrel-macos-x86_64, r-oldrel-windows-x86_64

mirror server hosted at Truenetwork, Russian Federation.