CRAN Package Check Results for Package AzureQstor

Last updated on 2025-11-03 11:49:36 CET.

Flavor Version Tinstall Tcheck Ttotal Status Flags
r-devel-linux-x86_64-debian-clang 1.0.2 3.61 27.68 31.29 OK
r-devel-linux-x86_64-debian-gcc 1.0.2 2.44 23.12 25.56 OK
r-devel-linux-x86_64-fedora-clang 1.0.2 47.12 NOTE
r-devel-linux-x86_64-fedora-gcc 1.0.2 58.11 NOTE
r-devel-windows-x86_64 1.0.2 5.00 48.00 53.00 OK
r-patched-linux-x86_64 1.0.2 3.69 25.39 29.08 OK
r-release-linux-x86_64 1.0.2 3.55 25.66 29.21 OK
r-release-macos-arm64 1.0.2 1.00 28.00 29.00 OK
r-release-macos-x86_64 1.0.2 5.00 56.00 61.00 OK
r-release-windows-x86_64 1.0.2 5.00 47.00 52.00 OK
r-oldrel-macos-arm64 1.0.2 1.00 30.00 31.00 OK
r-oldrel-macos-x86_64 1.0.2 5.00 49.00 54.00 OK
r-oldrel-windows-x86_64 1.0.2 7.00 55.00 62.00 OK

Check Details

Version: 1.0.2
Check: dependencies in R code
Result: NOTE Namespaces in Imports field not imported from: ‘httr’ ‘openssl’ All declared Imports should be used. Flavors: r-devel-linux-x86_64-fedora-clang, r-devel-linux-x86_64-fedora-gcc

mirror server hosted at Truenetwork, Russian Federation.