CRAN Package Check Results for Package AzureVM

Last updated on 2025-11-03 11:49:36 CET.

Flavor Version Tinstall Tcheck Ttotal Status Flags
r-devel-linux-x86_64-debian-clang 2.2.2 6.80 37.94 44.74 OK
r-devel-linux-x86_64-debian-gcc 2.2.2 3.93 28.35 32.28 OK
r-devel-linux-x86_64-fedora-clang 2.2.2 16.00 50.93 66.93 OK
r-devel-linux-x86_64-fedora-gcc 2.2.2 12.00 65.78 77.78 OK
r-devel-windows-x86_64 2.2.2 8.00 59.00 67.00 OK
r-patched-linux-x86_64 2.2.2 6.99 35.11 42.10 OK
r-release-linux-x86_64 2.2.2 5.69 35.22 40.91 OK
r-release-macos-arm64 2.2.2 3.00 27.00 30.00 OK
r-release-macos-x86_64 2.2.2 6.00 81.00 87.00 OK
r-release-windows-x86_64 2.2.2 8.00 60.00 68.00 OK
r-oldrel-macos-arm64 2.2.2 3.00 25.00 28.00 OK
r-oldrel-macos-x86_64 2.2.2 5.00 55.00 60.00 NOTE
r-oldrel-windows-x86_64 2.2.2 11.00 67.00 78.00 OK

Check Details

Version: 2.2.2
Check: package dependencies
Result: NOTE Package suggested but not available for checking: ‘AzureKeyVault’ Flavor: r-oldrel-macos-x86_64

mirror server hosted at Truenetwork, Russian Federation.