CRAN Package Check Results for Package BAYSTAR

Last updated on 2025-11-03 05:50:35 CET.

Flavor Version Tinstall Tcheck Ttotal Status Flags
r-devel-linux-x86_64-debian-clang 0.2-10 2.82 28.93 31.75 NOTE
r-devel-linux-x86_64-debian-gcc 0.2-10 1.77 22.74 24.51 NOTE
r-devel-linux-x86_64-fedora-clang 0.2-10 46.65 OK
r-devel-linux-x86_64-fedora-gcc 0.2-10 44.27 OK
r-devel-windows-x86_64 0.2-10 4.00 53.00 57.00 OK
r-patched-linux-x86_64 0.2-10 2.77 27.40 30.17 OK
r-release-linux-x86_64 0.2-10 2.92 27.64 30.56 OK
r-release-macos-arm64 0.2-10 2.00 19.00 21.00 OK
r-release-macos-x86_64 0.2-10 4.00 43.00 47.00 OK
r-release-windows-x86_64 0.2-10 5.00 53.00 58.00 OK
r-oldrel-macos-arm64 0.2-10 2.00 24.00 26.00 OK
r-oldrel-macos-x86_64 0.2-10 5.00 43.00 48.00 OK
r-oldrel-windows-x86_64 0.2-10 5.00 57.00 62.00 OK

Check Details

Version: 0.2-10
Check: CRAN incoming feasibility
Result: NOTE Maintainer: ‘Edward M.H. Lin <ed.mhlin@gmail.com>’ No Authors@R field in DESCRIPTION. Please add one, modifying Authors@R: c(person(given = c("Cathy", "W.", "S."), family = "Chen", role = "aut"), person(given = c("Edward", "M.H."), family = "Lin", role = c("aut", "cre"), email = "ed.mhlin@gmail.com"), person(given = "F.C.", family = "Liu", role = "aut"), person(given = "Richard", family = "Gerlach", role = "aut")) as necessary. Flavors: r-devel-linux-x86_64-debian-clang, r-devel-linux-x86_64-debian-gcc

mirror server hosted at Truenetwork, Russian Federation.