Last updated on 2025-05-28 06:51:21 CEST.
Flavor | Version | Tinstall | Tcheck | Ttotal | Status | Flags |
---|---|---|---|---|---|---|
r-devel-linux-x86_64-debian-clang | 2.4.7 | 33.04 | 601.16 | 634.20 | NOTE | |
r-devel-linux-x86_64-debian-gcc | 2.4.7 | 24.87 | 431.36 | 456.23 | NOTE | |
r-devel-linux-x86_64-fedora-clang | 2.4.7 | 980.96 | NOTE | |||
r-devel-linux-x86_64-fedora-gcc | 2.4.7 | 951.43 | NOTE | |||
r-devel-windows-x86_64 | 2.4.7 | 29.00 | 553.00 | 582.00 | NOTE | |
r-patched-linux-x86_64 | 2.4.7 | 34.19 | 585.57 | 619.76 | NOTE | |
r-release-linux-x86_64 | 2.4.7 | 31.14 | 584.05 | 615.19 | NOTE | |
r-release-macos-arm64 | 2.4.7 | 258.00 | NOTE | |||
r-release-macos-x86_64 | 2.4.7 | 603.00 | NOTE | |||
r-release-windows-x86_64 | 2.4.7 | 26.00 | 572.00 | 598.00 | NOTE | |
r-oldrel-macos-arm64 | 2.4.7 | 170.00 | OK | |||
r-oldrel-macos-x86_64 | 2.4.7 | 290.00 | OK | |||
r-oldrel-windows-x86_64 | 2.4.7 | 36.00 | 723.00 | 759.00 | OK |
Version: 2.4.7
Check: DESCRIPTION meta-information
Result: NOTE
Missing dependency on R >= 4.1.0 because package code uses the pipe
|> or function shorthand \(...) syntax added in R 4.1.0.
File(s) using such syntax:
‘ceac_plot_graph.R’ ‘ceef_plot_graph.R’ ‘ceplane_plot_graph.R’
‘contour_graph.R’ ‘eib_plot_graph.R’ ‘evppi.default.R’
‘evppi_plot_ggplot.R’ ‘info_rank_graph.R’ ‘plot.bcea.R’
‘prep_ceplane_params.R’
Flavors: r-devel-linux-x86_64-debian-clang, r-devel-linux-x86_64-debian-gcc, r-devel-linux-x86_64-fedora-clang, r-devel-linux-x86_64-fedora-gcc, r-devel-windows-x86_64, r-patched-linux-x86_64, r-release-linux-x86_64, r-release-macos-arm64, r-release-macos-x86_64, r-release-windows-x86_64