Last updated on 2025-11-24 11:50:01 CET.
| Flavor | Version | Tinstall | Tcheck | Ttotal | Status | Flags |
|---|---|---|---|---|---|---|
| r-devel-linux-x86_64-debian-clang | 1.6.1 | 8.64 | 80.69 | 89.33 | NOTE | |
| r-devel-linux-x86_64-debian-gcc | 1.6.1 | 6.83 | 57.52 | 64.35 | NOTE | |
| r-devel-linux-x86_64-fedora-clang | 1.6.1 | 19.00 | 119.00 | 138.00 | OK | |
| r-devel-windows-x86_64 | 1.6.1 | 13.00 | 91.00 | 104.00 | OK | |
| r-patched-linux-x86_64 | 1.6.1 | 10.63 | 75.77 | 86.40 | OK | |
| r-release-linux-x86_64 | 1.6.1 | 8.89 | 76.77 | 85.66 | OK | |
| r-release-macos-arm64 | 1.6.1 | OK | ||||
| r-release-macos-x86_64 | 1.6.1 | 8.00 | 78.00 | 86.00 | OK | |
| r-release-windows-x86_64 | 1.6.1 | 12.00 | 103.00 | 115.00 | OK | |
| r-oldrel-macos-arm64 | 1.6.1 | OK | ||||
| r-oldrel-macos-x86_64 | 1.6.1 | 11.00 | 64.00 | 75.00 | OK | |
| r-oldrel-windows-x86_64 | 1.6.1 | 13.00 | 111.00 | 124.00 | OK |
Version: 1.6.1
Check: CRAN incoming feasibility
Result: NOTE
Maintainer: ‘Gideon Bradburd <bradburd@umich.edu>’
No Authors@R field in DESCRIPTION.
Please add one, modifying
Authors@R: person(given = "Gideon",
family = "Bradburd",
role = c("aut", "cre"),
email = "bradburd@umich.edu")
as necessary.
Flavors: r-devel-linux-x86_64-debian-clang, r-devel-linux-x86_64-debian-gcc