CRAN Package Check Results for Package BLModel

Last updated on 2025-02-22 11:51:20 CET.

Flavor Version Tinstall Tcheck Ttotal Status Flags
r-devel-linux-x86_64-debian-clang 1.0.2 1.70 20.78 22.48 OK
r-devel-linux-x86_64-debian-gcc 1.0.2 1.58 17.11 18.69 OK
r-devel-linux-x86_64-fedora-clang 1.0.2 36.65 OK
r-devel-linux-x86_64-fedora-gcc 1.0.2 34.14 OK
r-devel-macos-arm64 1.0.2 17.00 OK
r-devel-macos-x86_64 1.0.2 28.00 OK
r-devel-windows-x86_64 1.0.2 3.00 48.00 51.00 OK
r-patched-linux-x86_64 1.0.2 2.03 19.59 21.62 NOTE
r-release-linux-x86_64 1.0.2 1.79 19.86 21.65 NOTE
r-release-macos-arm64 1.0.2 20.00 NOTE
r-release-macos-x86_64 1.0.2 27.00 NOTE
r-release-windows-x86_64 1.0.2 4.00 48.00 52.00 NOTE
r-oldrel-macos-arm64 1.0.2 19.00 NOTE
r-oldrel-macos-x86_64 1.0.2 22.00 NOTE
r-oldrel-windows-x86_64 1.0.2 2.00 48.00 50.00 NOTE

Check Details

Version: 1.0.2
Check: LazyData
Result: NOTE 'LazyData' is specified without a 'data' directory Flavors: r-patched-linux-x86_64, r-release-linux-x86_64, r-release-macos-arm64, r-release-macos-x86_64, r-release-windows-x86_64, r-oldrel-macos-arm64, r-oldrel-macos-x86_64, r-oldrel-windows-x86_64

mirror server hosted at Truenetwork, Russian Federation.