CRAN Package Check Results for Package BVARverse

Last updated on 2025-07-12 06:48:19 CEST.

Flavor Version Tinstall Tcheck Ttotal Status Flags
r-devel-linux-x86_64-debian-clang 0.0.1 6.26 49.31 55.57 OK
r-devel-linux-x86_64-debian-gcc 0.0.1 3.99 34.04 38.03 OK
r-devel-linux-x86_64-fedora-clang 0.0.1 86.02 OK
r-devel-linux-x86_64-fedora-gcc 0.0.1 82.76 OK
r-devel-windows-x86_64 0.0.1 8.00 62.00 70.00 OK
r-patched-linux-x86_64 0.0.1 6.40 44.87 51.27 OK
r-release-linux-x86_64 0.0.1 6.08 45.75 51.83 OK
r-release-macos-arm64 0.0.1 26.00 OK
r-release-macos-x86_64 0.0.1 58.00 OK
r-release-windows-x86_64 0.0.1 9.00 68.00 77.00 OK
r-oldrel-macos-arm64 0.0.1 25.00 NOTE
r-oldrel-macos-x86_64 0.0.1 44.00 NOTE
r-oldrel-windows-x86_64 0.0.1 10.00 75.00 85.00 NOTE

Check Details

Version: 0.0.1
Check: LazyData
Result: NOTE 'LazyData' is specified without a 'data' directory Flavors: r-oldrel-macos-arm64, r-oldrel-macos-x86_64, r-oldrel-windows-x86_64

mirror server hosted at Truenetwork, Russian Federation.