Last updated on 2025-11-03 05:50:35 CET.
| Flavor | Version | Tinstall | Tcheck | Ttotal | Status | Flags | 
|---|---|---|---|---|---|---|
| r-devel-linux-x86_64-debian-clang | 0.1.1 | 9.33 | 80.97 | 90.30 | NOTE | |
| r-devel-linux-x86_64-debian-gcc | 0.1.1 | 6.54 | 56.97 | 63.51 | NOTE | |
| r-devel-linux-x86_64-fedora-clang | 0.1.1 | 40.00 | 108.19 | 148.19 | OK | |
| r-devel-linux-x86_64-fedora-gcc | 0.1.1 | 18.00 | 116.02 | 134.02 | OK | |
| r-devel-windows-x86_64 | 0.1.1 | 9.00 | 79.00 | 88.00 | OK | |
| r-patched-linux-x86_64 | 0.1.1 | 9.13 | 76.61 | 85.74 | OK | |
| r-release-linux-x86_64 | 0.1.1 | 8.05 | 77.02 | 85.07 | OK | |
| r-release-macos-arm64 | 0.1.1 | 5.00 | 50.00 | 55.00 | OK | |
| r-release-macos-x86_64 | 0.1.1 | 9.00 | 82.00 | 91.00 | OK | |
| r-release-windows-x86_64 | 0.1.1 | 10.00 | 79.00 | 89.00 | OK | |
| r-oldrel-macos-arm64 | 0.1.1 | 4.00 | 34.00 | 38.00 | OK | |
| r-oldrel-macos-x86_64 | 0.1.1 | 6.00 | 51.00 | 57.00 | OK | |
| r-oldrel-windows-x86_64 | 0.1.1 | 13.00 | 101.00 | 114.00 | OK | 
Version: 0.1.1
Check: CRAN incoming feasibility
Result: NOTE
  Maintainer: ‘Achal Lama <achal.lama@icar.gov.in>’
  
  No Authors@R field in DESCRIPTION.
  Please add one, modifying
    Authors@R: c(person(given = "Achal",
                        family = "Lama",
                        role = c("aut", "cre"),
                        email = "achal.lama@icar.gov.in"),
                 person(given = c("Girish", "K"),
                        family = "Jha",
                        role = "aut"),
                 person(given = c("K", "N"),
                        family = "Singh",
                        role = "aut"),
                 person(given = "Bishal",
                        family = "Gurung",
                        role = "aut"))
  as necessary.
Flavors: r-devel-linux-x86_64-debian-clang, r-devel-linux-x86_64-debian-gcc