Last updated on 2025-11-02 23:49:31 CET.
| Flavor | Version | Tinstall | Tcheck | Ttotal | Status | Flags |
|---|---|---|---|---|---|---|
| r-devel-linux-x86_64-debian-clang | 1.1 | 3.55 | 41.17 | 44.72 | NOTE | |
| r-devel-linux-x86_64-debian-gcc | 1.1 | 2.42 | 32.25 | 34.67 | NOTE | |
| r-devel-linux-x86_64-fedora-clang | 1.1 | 14.00 | 58.02 | 72.02 | OK | |
| r-devel-linux-x86_64-fedora-gcc | 1.1 | 65.97 | OK | |||
| r-devel-windows-x86_64 | 1.1 | 5.00 | 70.00 | 75.00 | OK | |
| r-patched-linux-x86_64 | 1.1 | 3.17 | 38.88 | 42.05 | OK | |
| r-release-linux-x86_64 | 1.1 | 3.51 | 39.08 | 42.59 | OK | |
| r-release-macos-arm64 | 1.1 | 2.00 | 24.00 | 26.00 | OK | |
| r-release-macos-x86_64 | 1.1 | 4.00 | 58.00 | 62.00 | OK | |
| r-release-windows-x86_64 | 1.1 | 5.00 | 68.00 | 73.00 | OK | |
| r-oldrel-macos-arm64 | 1.1 | 2.00 | 28.00 | 30.00 | OK | |
| r-oldrel-macos-x86_64 | 1.1 | 3.00 | 38.00 | 41.00 | OK | |
| r-oldrel-windows-x86_64 | 1.1 | 6.00 | 85.00 | 91.00 | OK |
Version: 1.1
Check: CRAN incoming feasibility
Result: NOTE
Maintainer: ‘Li-Syuan Hong <lisyuan@nhri.org.tw>’
No Authors@R field in DESCRIPTION.
Please add one, modifying
Authors@R: person(given = "Li-Syuan",
family = "Hong",
role = c("aut", "cre"),
email = "lisyuan@nhri.org.tw")
as necessary.
Flavors: r-devel-linux-x86_64-debian-clang, r-devel-linux-x86_64-debian-gcc