CRAN Package Check Results for Package BayesPieceHazSelect

Last updated on 2025-07-13 00:48:20 CEST.

Flavor Version Tinstall Tcheck Ttotal Status Flags
r-devel-linux-x86_64-debian-clang 1.1.0 8.78 41.36 50.14 OK
r-devel-linux-x86_64-debian-gcc 1.1.0 5.20 27.95 33.15 OK
r-devel-linux-x86_64-fedora-clang 1.1.0 86.43 OK
r-devel-linux-x86_64-fedora-gcc 1.1.0 77.67 OK
r-devel-windows-x86_64 1.1.0 8.00 60.00 68.00 OK
r-patched-linux-x86_64 1.1.0 8.88 37.93 46.81 OK
r-release-linux-x86_64 1.1.0 7.83 37.84 45.67 OK
r-release-macos-arm64 1.1.0 25.00 OK
r-release-macos-x86_64 1.1.0 71.00 OK
r-release-windows-x86_64 1.1.0 8.00 60.00 68.00 OK
r-oldrel-macos-arm64 1.1.0 28.00 NOTE
r-oldrel-macos-x86_64 1.1.0 40.00 NOTE
r-oldrel-windows-x86_64 1.1.0 9.00 66.00 75.00 NOTE

Check Details

Version: 1.1.0
Check: LazyData
Result: NOTE 'LazyData' is specified without a 'data' directory Flavors: r-oldrel-macos-arm64, r-oldrel-macos-x86_64, r-oldrel-windows-x86_64

mirror server hosted at Truenetwork, Russian Federation.