CRAN Package Check Results for Package BayesReversePLLH

Last updated on 2025-07-13 06:48:18 CEST.

Flavor Version Tinstall Tcheck Ttotal Status Flags
r-devel-linux-x86_64-debian-clang 1.5 29.49 25.48 54.97 NOTE
r-devel-linux-x86_64-debian-gcc 1.5 22.05 20.54 42.59 NOTE
r-devel-linux-x86_64-fedora-clang 1.5 97.80 NOTE
r-devel-linux-x86_64-fedora-gcc 1.5 92.16 NOTE
r-devel-windows-x86_64 1.5 30.00 72.00 102.00 NOTE
r-patched-linux-x86_64 1.5 30.78 24.14 54.92 NOTE
r-release-linux-x86_64 1.5 29.33 23.79 53.12 NOTE
r-release-macos-arm64 1.5 33.00 NOTE
r-release-macos-x86_64 1.5 49.00 NOTE
r-release-windows-x86_64 1.5 31.00 86.00 117.00 NOTE
r-oldrel-macos-arm64 1.5 34.00 NOTE
r-oldrel-macos-x86_64 1.5 44.00 NOTE
r-oldrel-windows-x86_64 1.5 40.00 82.00 122.00 NOTE

Check Details

Version: 1.5
Check: CRAN incoming feasibility
Result: NOTE Maintainer: ‘Andrew G Chapple <achapp@lsuhsc.edu>’ No Authors@R field in DESCRIPTION. Please add one, modifying Authors@R: person(given = c("Andrew", "G"), family = "Chapple", role = c("aut", "cre"), email = "achapp@lsuhsc.edu") as necessary. Flavors: r-devel-linux-x86_64-debian-clang, r-devel-linux-x86_64-debian-gcc

Version: 1.5
Check: C++ specification
Result: NOTE Specified C++11: please drop specification unless essential Flavors: r-devel-linux-x86_64-debian-clang, r-devel-linux-x86_64-debian-gcc, r-devel-linux-x86_64-fedora-clang, r-devel-linux-x86_64-fedora-gcc, r-devel-windows-x86_64, r-patched-linux-x86_64, r-release-linux-x86_64, r-release-macos-arm64, r-release-macos-x86_64, r-release-windows-x86_64, r-oldrel-macos-arm64, r-oldrel-macos-x86_64, r-oldrel-windows-x86_64

mirror server hosted at Truenetwork, Russian Federation.