CRAN Package Check Results for Package BayesSampling

Last updated on 2025-11-02 23:49:31 CET.

Flavor Version Tinstall Tcheck Ttotal Status Flags
r-devel-linux-x86_64-debian-clang 1.1.0 6.81 76.55 83.36 OK
r-devel-linux-x86_64-debian-gcc 1.1.0 5.19 52.69 57.88 OK
r-devel-linux-x86_64-fedora-clang 1.1.0 18.00 112.84 130.84 NOTE
r-devel-linux-x86_64-fedora-gcc 1.1.0 40.00 107.00 147.00 NOTE
r-devel-windows-x86_64 1.1.0 8.00 90.00 98.00 OK
r-patched-linux-x86_64 1.1.0 6.24 66.97 73.21 OK
r-release-linux-x86_64 1.1.0 6.05 70.72 76.77 OK
r-release-macos-arm64 1.1.0 5.00 76.00 81.00 OK
r-release-macos-x86_64 1.1.0 7.00 107.00 114.00 OK
r-release-windows-x86_64 1.1.0 8.00 88.00 96.00 OK
r-oldrel-macos-arm64 1.1.0 4.00 46.00 50.00 OK
r-oldrel-macos-x86_64 1.1.0 6.00 73.00 79.00 OK
r-oldrel-windows-x86_64 1.1.0 11.00 110.00 121.00 OK

Check Details

Version: 1.1.0
Check: dependencies in R code
Result: NOTE Namespaces in Imports field not imported from: ‘MASS’ ‘Matrix’ ‘matrixcalc’ ‘stats’ All declared Imports should be used. Flavors: r-devel-linux-x86_64-fedora-clang, r-devel-linux-x86_64-fedora-gcc

mirror server hosted at Truenetwork, Russian Federation.