Last updated on 2025-07-12 18:49:35 CEST.
Flavor | Version | Tinstall | Tcheck | Ttotal | Status | Flags |
---|---|---|---|---|---|---|
r-devel-linux-x86_64-debian-clang | 5.0.7 | 12.80 | 88.33 | 101.13 | NOTE | |
r-devel-linux-x86_64-debian-gcc | 5.0.7 | 6.74 | 61.97 | 68.71 | NOTE | |
r-devel-linux-x86_64-fedora-clang | 5.0.7 | 158.28 | OK | |||
r-devel-linux-x86_64-fedora-gcc | 5.0.7 | 143.25 | OK | |||
r-devel-windows-x86_64 | 5.0.7 | 13.00 | 90.00 | 103.00 | OK | |
r-patched-linux-x86_64 | 5.0.7 | 11.39 | 80.82 | 92.21 | OK | |
r-release-linux-x86_64 | 5.0.7 | 9.98 | 80.16 | 90.14 | OK | |
r-release-macos-arm64 | 5.0.7 | 48.00 | OK | |||
r-release-macos-x86_64 | 5.0.7 | 109.00 | OK | |||
r-release-windows-x86_64 | 5.0.7 | 12.00 | 91.00 | 103.00 | OK | |
r-oldrel-macos-arm64 | 5.0.7 | 44.00 | OK | |||
r-oldrel-macos-x86_64 | 5.0.7 | 76.00 | OK | |||
r-oldrel-windows-x86_64 | 5.0.7 | 17.00 | 117.00 | 134.00 | OK |
Version: 5.0.7
Check: CRAN incoming feasibility
Result: NOTE
Maintainer: ‘Alberto Caimo <alberto.caimo1@ucd.ie>’
No Authors@R field in DESCRIPTION.
Please add one, modifying
Authors@R: c(person(given = "Alberto",
family = "Caimo",
role = c("aut", "cre"),
email = "alberto.caimo1@ucd.ie"),
person(given = "Lampros",
family = "Bouranis",
role = "aut"),
person(given = "Robert",
family = "Krause",
role = "ctb"))
as necessary.
Flavors: r-devel-linux-x86_64-debian-clang, r-devel-linux-x86_64-debian-gcc