CRAN Package Check Results for Package BiasedUrn

Last updated on 2025-02-22 11:51:20 CET.

Flavor Version Tinstall Tcheck Ttotal Status Flags
r-devel-linux-x86_64-debian-clang 2.0.12 8.56 22.29 30.85 OK
r-devel-linux-x86_64-debian-gcc 2.0.12 6.66 18.37 25.03 OK
r-devel-linux-x86_64-fedora-clang 2.0.12 48.25 NOTE
r-devel-linux-x86_64-fedora-gcc 2.0.12 65.29 NOTE
r-devel-macos-arm64 2.0.12 27.00 OK
r-devel-macos-x86_64 2.0.12 62.00 OK
r-devel-windows-x86_64 2.0.12 14.00 52.00 66.00 OK
r-patched-linux-x86_64 2.0.12 8.61 21.05 29.66 OK
r-release-linux-x86_64 2.0.12 9.61 21.44 31.05 OK
r-release-macos-arm64 2.0.12 31.00 OK
r-release-macos-x86_64 2.0.12 97.00 OK
r-release-windows-x86_64 2.0.12 19.00 57.00 76.00 OK
r-oldrel-macos-arm64 2.0.12 32.00 OK
r-oldrel-macos-x86_64 2.0.12 64.00 OK
r-oldrel-windows-x86_64 2.0.12 12.00 39.00 51.00 OK

Check Details

Version: 2.0.12
Check: compiled code
Result: NOTE File ‘BiasedUrn/libs/BiasedUrn.so’: Found no calls to: ‘R_registerRoutines’, ‘R_useDynamicSymbols’ It is good practice to register native routines and to disable symbol search. See ‘Writing portable packages’ in the ‘Writing R Extensions’ manual. Flavors: r-devel-linux-x86_64-fedora-clang, r-devel-linux-x86_64-fedora-gcc

mirror server hosted at Truenetwork, Russian Federation.