CRAN Package Check Results for Package BlandAltmanLeh

Last updated on 2025-11-24 05:50:18 CET.

Flavor Version Tinstall Tcheck Ttotal Status Flags
r-devel-linux-x86_64-debian-clang 0.3.1 1.74 24.83 26.57 NOTE
r-devel-linux-x86_64-debian-gcc 0.3.1 1.40 20.22 21.62 NOTE
r-devel-linux-x86_64-fedora-clang 0.3.1 41.34 OK
r-devel-windows-x86_64 0.3.1 5.00 43.00 48.00 OK
r-patched-linux-x86_64 0.3.1 1.83 23.93 25.76 OK
r-release-linux-x86_64 0.3.1 1.60 23.49 25.09 OK
r-release-macos-arm64 0.3.1 OK
r-release-macos-x86_64 0.3.1 2.00 43.00 45.00 OK
r-release-windows-x86_64 0.3.1 3.00 43.00 46.00 OK
r-oldrel-macos-arm64 0.3.1 OK
r-oldrel-macos-x86_64 0.3.1 2.00 32.00 34.00 OK
r-oldrel-windows-x86_64 0.3.1 3.00 50.00 53.00 OK

Check Details

Version: 0.3.1
Check: CRAN incoming feasibility
Result: NOTE Maintainer: ‘Bernhard Lehnert <bernhard.lehnert@uni-greifswald.de>’ No Authors@R field in DESCRIPTION. Please add one, modifying Authors@R: person(given = "Bernhard", family = "Lehnert", role = c("aut", "cre"), email = "bernhard.lehnert@uni-greifswald.de") as necessary. Found the following \keyword or \concept entries which likely give several index terms: File ‘BlandAltmanLeh-package.Rd’: \keyword{ measurement precision, test-retest relia [TRUNCATED] Flavors: r-devel-linux-x86_64-debian-clang, r-devel-linux-x86_64-debian-gcc

mirror server hosted at Truenetwork, Russian Federation.