Last updated on 2025-11-03 17:49:44 CET.
| Flavor | Version | Tinstall | Tcheck | Ttotal | Status | Flags |
|---|---|---|---|---|---|---|
| r-devel-linux-x86_64-debian-clang | 0.1.1.1 | 140.97 | 44.65 | 185.62 | NOTE | |
| r-devel-linux-x86_64-debian-gcc | 0.1.1.1 | 87.48 | 32.20 | 119.68 | NOTE | |
| r-devel-linux-x86_64-fedora-clang | 0.1.1.1 | 301.00 | 21.70 | 322.70 | NOTE | |
| r-devel-linux-x86_64-fedora-gcc | 0.1.1.1 | 190.00 | 122.63 | 312.63 | NOTE | |
| r-devel-windows-x86_64 | 0.1.1.1 | 162.00 | 75.00 | 237.00 | NOTE | |
| r-patched-linux-x86_64 | 0.1.1.1 | 132.09 | 40.55 | 172.64 | OK | |
| r-release-linux-x86_64 | 0.1.1.1 | 136.24 | 40.44 | 176.68 | OK | |
| r-release-macos-arm64 | 0.1.1.1 | 48.00 | 27.00 | 75.00 | OK | |
| r-release-macos-x86_64 | 0.1.1.1 | 37.00 | 42.00 | 79.00 | OK | |
| r-release-windows-x86_64 | 0.1.1.1 | 136.00 | 74.00 | 210.00 | OK | |
| r-oldrel-macos-arm64 | 0.1.1.1 | 45.00 | 31.00 | 76.00 | NOTE | |
| r-oldrel-macos-x86_64 | 0.1.1.1 | 35.00 | 43.00 | 78.00 | NOTE | |
| r-oldrel-windows-x86_64 | 0.1.1.1 | 163.00 | 95.00 | 258.00 | OK |
Version: 0.1.1.1
Check: Rd files
Result: NOTE
checkRd: (-1) Blend-package.Rd:12-16: Only 2 columns allowed in this table (row 2 has 1)
checkRd: (-1) Blend-package.Rd:12-16: Only 2 columns allowed in this table (row 4 has 1)
Flavors: r-devel-linux-x86_64-debian-clang, r-devel-linux-x86_64-debian-gcc, r-devel-linux-x86_64-fedora-clang, r-devel-linux-x86_64-fedora-gcc, r-devel-windows-x86_64
Version: 0.1.1.1
Check: installed package size
Result: NOTE
installed size is 7.5Mb
sub-directories of 1Mb or more:
libs 7.4Mb
Flavors: r-oldrel-macos-arm64, r-oldrel-macos-x86_64