Last updated on 2025-11-03 23:50:12 CET.
| Flavor | Version | Tinstall | Tcheck | Ttotal | Status | Flags | 
|---|---|---|---|---|---|---|
| r-devel-linux-x86_64-debian-clang | 1.8.4 | 9.05 | 70.90 | 79.95 | NOTE | |
| r-devel-linux-x86_64-debian-gcc | 1.8.4 | 7.18 | 52.68 | 59.86 | NOTE | |
| r-devel-linux-x86_64-fedora-clang | 1.8.4 | 20.00 | 103.85 | 123.85 | OK | |
| r-devel-linux-x86_64-fedora-gcc | 1.8.4 | 37.00 | 89.55 | 126.55 | OK | |
| r-devel-windows-x86_64 | 1.8.4 | 10.00 | 78.00 | 88.00 | OK | |
| r-patched-linux-x86_64 | 1.8.4 | 7.65 | 67.81 | 75.46 | OK | |
| r-release-linux-x86_64 | 1.8.4 | 8.50 | 67.73 | 76.23 | OK | |
| r-release-macos-arm64 | 1.8.4 | 5.00 | 39.00 | 44.00 | OK | |
| r-release-macos-x86_64 | 1.8.4 | 9.00 | 74.00 | 83.00 | OK | |
| r-release-windows-x86_64 | 1.8.4 | 10.00 | 76.00 | 86.00 | OK | |
| r-oldrel-macos-arm64 | 1.8.4 | 4.00 | 35.00 | 39.00 | OK | |
| r-oldrel-macos-x86_64 | 1.8.4 | 6.00 | 50.00 | 56.00 | OK | |
| r-oldrel-windows-x86_64 | 1.8.4 | 15.00 | 99.00 | 114.00 | OK | 
Version: 1.8.4
Check: CRAN incoming feasibility
Result: NOTE
  Maintainer: ‘Fabio Ashtar Telarico <telaricof@fdv.uni-lj.si>’
  
  Package CITATION file contains call(s) to old-style citEntry().  Please
  use bibentry() instead.
Flavors: r-devel-linux-x86_64-debian-clang, r-devel-linux-x86_64-debian-gcc