Last updated on 2025-07-13 00:48:21 CEST.
Flavor | Version | Tinstall | Tcheck | Ttotal | Status | Flags |
---|---|---|---|---|---|---|
r-devel-linux-x86_64-debian-clang | 0.1 | 2.34 | 41.79 | 44.13 | NOTE | |
r-devel-linux-x86_64-debian-gcc | 0.1 | 1.78 | 29.37 | 31.15 | NOTE | |
r-devel-linux-x86_64-fedora-clang | 0.1 | 68.85 | OK | |||
r-devel-linux-x86_64-fedora-gcc | 0.1 | 67.12 | OK | |||
r-devel-windows-x86_64 | 0.1 | 3.00 | 57.00 | 60.00 | OK | |
r-patched-linux-x86_64 | 0.1 | 2.36 | 37.83 | 40.19 | OK | |
r-release-linux-x86_64 | 0.1 | 2.23 | 37.82 | 40.05 | OK | |
r-release-macos-arm64 | 0.1 | 22.00 | OK | |||
r-release-macos-x86_64 | 0.1 | 64.00 | OK | |||
r-release-windows-x86_64 | 0.1 | 4.00 | 57.00 | 61.00 | OK | |
r-oldrel-macos-arm64 | 0.1 | 25.00 | OK | |||
r-oldrel-macos-x86_64 | 0.1 | 52.00 | OK | |||
r-oldrel-windows-x86_64 | 0.1 | 4.00 | 56.00 | 60.00 | OK |
Version: 0.1
Check: CRAN incoming feasibility
Result: NOTE
Maintainer: ‘Samarendra Das <samarendra4849@gmail.com>’
No Authors@R field in DESCRIPTION.
Please add one, modifying
Authors@R: person(given = "Samarendra",
family = "Das",
role = c("aut", "cre"),
email = "samarendra4849@gmail.com")
as necessary.
Flavors: r-devel-linux-x86_64-debian-clang, r-devel-linux-x86_64-debian-gcc