Last updated on 2025-11-02 23:49:32 CET.
| Flavor | Version | Tinstall | Tcheck | Ttotal | Status | Flags |
|---|---|---|---|---|---|---|
| r-devel-linux-x86_64-debian-clang | 1.2.1 | 2.69 | 32.02 | 34.71 | NOTE | |
| r-devel-linux-x86_64-debian-gcc | 1.2.1 | 2.26 | 27.09 | 29.35 | NOTE | |
| r-devel-linux-x86_64-fedora-clang | 1.2.1 | 54.51 | OK | |||
| r-devel-linux-x86_64-fedora-gcc | 1.2.1 | 54.72 | OK | |||
| r-devel-windows-x86_64 | 1.2.1 | 4.00 | 57.00 | 61.00 | OK | |
| r-patched-linux-x86_64 | 1.2.1 | 2.81 | 31.82 | 34.63 | OK | |
| r-release-linux-x86_64 | 1.2.1 | 2.85 | 31.29 | 34.14 | OK | |
| r-release-macos-arm64 | 1.2.1 | 2.00 | 23.00 | 25.00 | OK | |
| r-release-macos-x86_64 | 1.2.1 | 2.00 | 43.00 | 45.00 | OK | |
| r-release-windows-x86_64 | 1.2.1 | 4.00 | 57.00 | 61.00 | OK | |
| r-oldrel-macos-arm64 | 1.2.1 | 2.00 | 21.00 | 23.00 | OK | |
| r-oldrel-macos-x86_64 | 1.2.1 | 2.00 | 36.00 | 38.00 | OK | |
| r-oldrel-windows-x86_64 | 1.2.1 | 6.00 | 67.00 | 73.00 | OK |
Version: 1.2.1
Check: CRAN incoming feasibility
Result: NOTE
Maintainer: ‘Guy Nason <g.nason@imperial.ac.uk>’
Package CITATION file contains call(s) to old-style personList() or
as.personList(). Please use c() on person objects instead.
Package CITATION file contains call(s) to old-style citEntry(). Please
use bibentry() instead.
Flavors: r-devel-linux-x86_64-debian-clang, r-devel-linux-x86_64-debian-gcc