CRAN Package Check Results for Package CAISEr

Last updated on 2025-11-24 11:50:02 CET.

Flavor Version Tinstall Tcheck Ttotal Status Flags
r-devel-linux-x86_64-debian-clang 1.0.17 3.14 63.92 67.06 NOTE
r-devel-linux-x86_64-debian-gcc 1.0.17 2.43 44.84 47.27 NOTE
r-devel-linux-x86_64-fedora-clang 1.0.17 16.00 94.48 110.48 OK
r-devel-windows-x86_64 1.0.17 5.00 75.00 80.00 OK
r-patched-linux-x86_64 1.0.17 3.66 63.42 67.08 OK
r-release-linux-x86_64 1.0.17 3.13 58.48 61.61 OK
r-release-macos-arm64 1.0.17 OK
r-release-macos-x86_64 1.0.17 2.00 67.00 69.00 OK
r-release-windows-x86_64 1.0.17 5.00 76.00 81.00 OK
r-oldrel-macos-arm64 1.0.17 OK
r-oldrel-macos-x86_64 1.0.17 2.00 50.00 52.00 OK
r-oldrel-windows-x86_64 1.0.17 6.00 94.00 100.00 OK

Check Details

Version: 1.0.17
Check: CRAN incoming feasibility
Result: NOTE Maintainer: ‘Felipe Campelo <fcampelo@gmail.com>’ The Description field contains <arxiv:1908.01720>. Please refer to arXiv e-prints via their arXiv DOI <doi:10.48550/arXiv.YYMM.NNNNN>. Flavors: r-devel-linux-x86_64-debian-clang, r-devel-linux-x86_64-debian-gcc

mirror server hosted at Truenetwork, Russian Federation.