Last updated on 2025-05-25 06:50:57 CEST.
Flavor | Version | Tinstall | Tcheck | Ttotal | Status | Flags |
---|---|---|---|---|---|---|
r-devel-linux-x86_64-debian-clang | 0.1.6 | 5.63 | 46.99 | 52.62 | NOTE | |
r-devel-linux-x86_64-debian-gcc | 0.1.6 | 4.16 | 34.93 | 39.09 | NOTE | |
r-devel-linux-x86_64-fedora-clang | 0.1.6 | 81.36 | OK | |||
r-devel-linux-x86_64-fedora-gcc | 0.1.6 | 78.31 | OK | |||
r-devel-windows-x86_64 | 0.1.6 | 9.00 | 69.00 | 78.00 | OK | |
r-patched-linux-x86_64 | 0.1.6 | 5.21 | 43.68 | 48.89 | OK | |
r-release-linux-x86_64 | 0.1.6 | 5.77 | 43.84 | 49.61 | OK | |
r-release-macos-arm64 | 0.1.6 | 29.00 | OK | |||
r-release-macos-x86_64 | 0.1.6 | 49.00 | OK | |||
r-release-windows-x86_64 | 0.1.6 | 10.00 | 62.00 | 72.00 | OK | |
r-oldrel-macos-arm64 | 0.1.6 | 26.00 | OK | |||
r-oldrel-macos-x86_64 | 0.1.6 | 66.00 | OK | |||
r-oldrel-windows-x86_64 | 0.1.6 | 11.00 | 73.00 | 84.00 | OK |
Version: 0.1.6
Check: CRAN incoming feasibility
Result: NOTE
Maintainer: ‘Yonghui Dong <yonghui.dong@gmail.com>’
No Authors@R field in DESCRIPTION.
Please add one, modifying
Authors@R: person(given = "Yonghui",
family = "Dong",
role = c("aut", "cre"),
email = "yonghui.dong@gmail.com")
as necessary.
Flavors: r-devel-linux-x86_64-debian-clang, r-devel-linux-x86_64-debian-gcc