Last updated on 2025-05-22 18:52:02 CEST.
Flavor | Version | Tinstall | Tcheck | Ttotal | Status | Flags |
---|---|---|---|---|---|---|
r-devel-linux-x86_64-debian-clang | 0.1.0 | 2.86 | 29.44 | 32.30 | NOTE | |
r-devel-linux-x86_64-debian-gcc | 0.1.0 | 1.97 | 24.05 | 26.02 | NOTE | |
r-devel-linux-x86_64-fedora-clang | 0.1.0 | 53.59 | OK | |||
r-devel-linux-x86_64-fedora-gcc | 0.1.0 | 50.37 | OK | |||
r-devel-windows-x86_64 | 0.1.0 | 5.00 | 53.00 | 58.00 | OK | |
r-patched-linux-x86_64 | 0.1.0 | 3.32 | 31.90 | 35.22 | OK | |
r-release-linux-x86_64 | 0.1.0 | 2.27 | 32.25 | 34.52 | OK | |
r-release-macos-arm64 | 0.1.0 | 30.00 | OK | |||
r-release-macos-x86_64 | 0.1.0 | 37.00 | OK | |||
r-release-windows-x86_64 | 0.1.0 | 4.00 | 84.00 | 88.00 | OK | |
r-oldrel-macos-arm64 | 0.1.0 | 20.00 | OK | |||
r-oldrel-macos-x86_64 | 0.1.0 | 32.00 | OK | |||
r-oldrel-windows-x86_64 | 0.1.0 | 6.00 | 61.00 | 67.00 | OK |
Version: 0.1.0
Check: CRAN incoming feasibility
Result: NOTE
Maintainer: ‘Raphiel Murden <rmurden@emory.edu>’
Package CITATION file contains call(s) to old-style citEntry(). Please
use bibentry() instead.
Flavors: r-devel-linux-x86_64-debian-clang, r-devel-linux-x86_64-debian-gcc