Last updated on 2024-06-30 06:55:31 CEST.
Flavor | Version | Tinstall | Tcheck | Ttotal | Status | Flags |
---|---|---|---|---|---|---|
r-devel-linux-x86_64-debian-clang | 0.10.0 | 189.38 | 364.99 | 554.37 | OK | |
r-devel-linux-x86_64-debian-gcc | 0.10.0 | 137.76 | 384.99 | 522.75 | OK | |
r-devel-linux-x86_64-fedora-clang | 0.10.0 | 715.74 | OK | |||
r-devel-linux-x86_64-fedora-gcc | 0.10.0 | 815.78 | OK | |||
r-devel-windows-x86_64 | 0.10.0 | 157.00 | 366.00 | 523.00 | OK | |
r-patched-linux-x86_64 | 0.10.0 | 158.01 | 505.84 | 663.85 | OK | |
r-release-linux-x86_64 | 0.10.0 | 133.52 | 503.67 | 637.19 | OK | |
r-release-macos-arm64 | 0.10.0 | 174.00 | NOTE | |||
r-release-macos-x86_64 | 0.10.0 | 243.00 | NOTE | |||
r-release-windows-x86_64 | 0.10.0 | 153.00 | 367.00 | 520.00 | OK | |
r-oldrel-macos-arm64 | 0.10.0 | 188.00 | NOTE | |||
r-oldrel-macos-x86_64 | 0.10.0 | 347.00 | NOTE | |||
r-oldrel-windows-x86_64 | 0.10.0 | 192.00 | 420.00 | 612.00 | OK |
Version: 0.10.0
Check: installed package size
Result: NOTE
installed size is 16.1Mb
sub-directories of 1Mb or more:
libs 14.5Mb
Flavors: r-release-macos-arm64, r-release-macos-x86_64, r-oldrel-macos-arm64, r-oldrel-macos-x86_64