CRAN Package Check Results for Package CPC

Last updated on 2025-05-22 06:51:42 CEST.

Flavor Version Tinstall Tcheck Ttotal Status Flags
r-devel-linux-x86_64-debian-clang 2.6.0 2.49 26.49 28.98 NOTE
r-devel-linux-x86_64-debian-gcc 2.6.0 1.71 20.85 22.56 NOTE
r-devel-linux-x86_64-fedora-clang 2.6.0 46.10 OK
r-devel-linux-x86_64-fedora-gcc 2.6.0 43.23 OK
r-devel-windows-x86_64 2.6.0 4.00 61.00 65.00 NOTE
r-patched-linux-x86_64 2.6.0 2.88 24.96 27.84 NOTE
r-release-linux-x86_64 2.6.0 2.83 24.88 27.71 NOTE
r-release-macos-arm64 2.6.0 21.00 OK
r-release-macos-x86_64 2.6.0 30.00 OK
r-release-windows-x86_64 2.6.0 4.00 73.00 77.00 NOTE
r-oldrel-macos-arm64 2.6.0 19.00 OK
r-oldrel-macos-x86_64 2.6.0 25.00 OK
r-oldrel-windows-x86_64 2.6.0 5.00 49.00 54.00 OK

Check Details

Version: 2.6.0
Check: Rd cross-references
Result: NOTE Found the following Rd file(s) with Rd \link{} targets missing package anchors: CPC.Rd: diana, pam, dbscan Please provide package anchors for all Rd \link{} targets not in the package itself and the base packages. Flavors: r-devel-linux-x86_64-debian-clang, r-devel-linux-x86_64-debian-gcc, r-devel-windows-x86_64, r-patched-linux-x86_64, r-release-linux-x86_64, r-release-windows-x86_64

mirror server hosted at Truenetwork, Russian Federation.