Last updated on 2024-06-29 12:48:13 CEST.
Flavor | Version | Tinstall | Tcheck | Ttotal | Status | Flags |
---|---|---|---|---|---|---|
r-devel-linux-x86_64-debian-clang | 1.1.1 | 147.40 | 37.78 | 185.18 | OK | |
r-devel-linux-x86_64-debian-gcc | 1.1.1 | 104.27 | 29.22 | 133.49 | OK | |
r-devel-linux-x86_64-fedora-clang | 1.1.1 | 287.37 | OK | |||
r-devel-linux-x86_64-fedora-gcc | 1.1.1 | 289.73 | OK | |||
r-devel-windows-x86_64 | 1.1.1 | 124.00 | 73.00 | 197.00 | NOTE | |
r-patched-linux-x86_64 | 1.1.1 | 123.44 | 36.23 | 159.67 | OK | |
r-release-linux-x86_64 | 1.1.1 | 133.06 | 37.94 | 171.00 | OK | |
r-release-macos-arm64 | 1.1.1 | 58.00 | NOTE | |||
r-release-macos-x86_64 | 1.1.1 | 68.00 | NOTE | |||
r-release-windows-x86_64 | 1.1.1 | 124.00 | 77.00 | 201.00 | NOTE | |
r-oldrel-macos-arm64 | 1.1.1 | 66.00 | NOTE | |||
r-oldrel-macos-x86_64 | 1.1.1 | 122.00 | NOTE | |||
r-oldrel-windows-x86_64 | 1.1.1 | 149.00 | 82.00 | 231.00 | NOTE |
Version: 1.1.1
Check: C++ specification
Result: NOTE
Specified C++11: please drop specification unless essential
Flavors: r-devel-windows-x86_64, r-release-windows-x86_64, r-oldrel-windows-x86_64
Version: 1.1.1
Check: installed package size
Result: NOTE
installed size is 5.2Mb
sub-directories of 1Mb or more:
libs 5.0Mb
Flavors: r-release-macos-arm64, r-release-macos-x86_64, r-oldrel-macos-arm64, r-oldrel-macos-x86_64