Last updated on 2025-07-13 06:48:21 CEST.
Flavor | Version | Tinstall | Tcheck | Ttotal | Status | Flags |
---|---|---|---|---|---|---|
r-devel-linux-x86_64-debian-clang | 0.1.0 | 13.51 | 38.78 | 52.29 | NOTE | |
r-devel-linux-x86_64-debian-gcc | 0.1.0 | 9.84 | 29.62 | 39.46 | NOTE | |
r-devel-linux-x86_64-fedora-clang | 0.1.0 | 91.58 | OK | |||
r-devel-linux-x86_64-fedora-gcc | 0.1.0 | 97.25 | OK | |||
r-devel-windows-x86_64 | 0.1.0 | 19.00 | 76.00 | 95.00 | OK | |
r-patched-linux-x86_64 | 0.1.0 | 13.60 | 35.43 | 49.03 | OK | |
r-release-linux-x86_64 | 0.1.0 | 13.25 | 36.09 | 49.34 | OK | |
r-release-macos-arm64 | 0.1.0 | 43.00 | OK | |||
r-release-macos-x86_64 | 0.1.0 | 60.00 | OK | |||
r-release-windows-x86_64 | 0.1.0 | 18.00 | 82.00 | 100.00 | OK | |
r-oldrel-macos-arm64 | 0.1.0 | 33.00 | OK | |||
r-oldrel-macos-x86_64 | 0.1.0 | 51.00 | OK | |||
r-oldrel-windows-x86_64 | 0.1.0 | 21.00 | 88.00 | 109.00 | OK |
Version: 0.1.0
Check: CRAN incoming feasibility
Result: NOTE
Maintainer: ‘Dae Woong Ham <daewoongham@g.harvard.edu>’
The Description field contains
to Test Causal Hypotheses in Conjoint Analysis" <arXiv:2201.08343>.
Please refer to arXiv e-prints via their arXiv DOI <doi:10.48550/arXiv.YYMM.NNNNN>.
Flavors: r-devel-linux-x86_64-debian-clang, r-devel-linux-x86_64-debian-gcc