CRAN Package Check Results for Package CVglasso

Last updated on 2025-11-24 11:50:03 CET.

Flavor Version Tinstall Tcheck Ttotal Status Flags
r-devel-linux-x86_64-debian-clang 1.0 6.90 57.29 64.19 OK
r-devel-linux-x86_64-debian-gcc 1.0 4.24 42.37 46.61 OK
r-devel-linux-x86_64-fedora-clang 1.0 18.00 81.08 99.08 OK
r-devel-windows-x86_64 1.0 11.00 74.00 85.00 OK
r-patched-linux-x86_64 1.0 6.32 53.63 59.95 OK
r-release-linux-x86_64 1.0 6.63 53.83 60.46 OK
r-release-macos-arm64 1.0 OK
r-release-macos-x86_64 1.0 5.00 42.00 47.00 OK
r-release-windows-x86_64 1.0 8.00 73.00 81.00 OK
r-oldrel-macos-arm64 1.0 NOTE
r-oldrel-macos-x86_64 1.0 3.00 38.00 41.00 NOTE
r-oldrel-windows-x86_64 1.0 10.00 92.00 102.00 NOTE

Check Details

Version: 1.0
Check: LazyData
Result: NOTE 'LazyData' is specified without a 'data' directory Flavors: r-oldrel-macos-arm64, r-oldrel-macos-x86_64, r-oldrel-windows-x86_64

mirror server hosted at Truenetwork, Russian Federation.