CRAN Package Check Results for Package CVglasso

Last updated on 2025-07-14 06:48:22 CEST.

Flavor Version Tinstall Tcheck Ttotal Status Flags
r-devel-linux-x86_64-debian-clang 1.0 5.73 47.70 53.43 OK
r-devel-linux-x86_64-debian-gcc 1.0 4.02 34.26 38.28 OK
r-devel-linux-x86_64-fedora-clang 1.0 85.21 OK
r-devel-linux-x86_64-fedora-gcc 1.0 82.78 OK
r-devel-windows-x86_64 1.0 8.00 67.00 75.00 OK
r-patched-linux-x86_64 1.0 4.41 45.32 49.73 OK
r-release-linux-x86_64 1.0 5.67 45.17 50.84 OK
r-release-macos-arm64 1.0 33.00 OK
r-release-macos-x86_64 1.0 47.00 OK
r-release-windows-x86_64 1.0 7.00 68.00 75.00 OK
r-oldrel-macos-arm64 1.0 28.00 NOTE
r-oldrel-macos-x86_64 1.0 41.00 NOTE
r-oldrel-windows-x86_64 1.0 9.00 81.00 90.00 NOTE

Check Details

Version: 1.0
Check: LazyData
Result: NOTE 'LazyData' is specified without a 'data' directory Flavors: r-oldrel-macos-arm64, r-oldrel-macos-x86_64, r-oldrel-windows-x86_64

mirror server hosted at Truenetwork, Russian Federation.