CRAN Package Check Results for Package CatEncoders

Last updated on 2025-02-22 17:49:40 CET.

Flavor Version Tinstall Tcheck Ttotal Status Flags
r-devel-linux-x86_64-debian-clang 0.1.1 2.29 22.56 24.85 OK
r-devel-linux-x86_64-debian-gcc 0.1.1 1.82 18.04 19.86 OK
r-devel-linux-x86_64-fedora-clang 0.1.1 41.04 NOTE
r-devel-linux-x86_64-fedora-gcc 0.1.1 37.39 NOTE
r-devel-macos-arm64 0.1.1 17.00 OK
r-devel-macos-x86_64 0.1.1 28.00 OK
r-devel-windows-x86_64 0.1.1 3.00 45.00 48.00 OK
r-patched-linux-x86_64 0.1.1 2.14 21.27 23.41 NOTE
r-release-linux-x86_64 0.1.1 2.17 21.43 23.60 NOTE
r-release-macos-arm64 0.1.1 17.00 NOTE
r-release-macos-x86_64 0.1.1 28.00 NOTE
r-release-windows-x86_64 0.1.1 3.00 45.00 48.00 NOTE
r-oldrel-macos-arm64 0.1.1 17.00 NOTE
r-oldrel-macos-x86_64 0.1.1 23.00 NOTE
r-oldrel-windows-x86_64 0.1.1 3.00 48.00 51.00 NOTE

Check Details

Version: 0.1.1
Check: dependencies in R code
Result: NOTE Namespace in Imports field not imported from: ‘Matrix’ All declared Imports should be used. Flavors: r-devel-linux-x86_64-fedora-clang, r-devel-linux-x86_64-fedora-gcc

Version: 0.1.1
Check: LazyData
Result: NOTE 'LazyData' is specified without a 'data' directory Flavors: r-patched-linux-x86_64, r-release-linux-x86_64, r-release-macos-arm64, r-release-macos-x86_64, r-release-windows-x86_64, r-oldrel-macos-arm64, r-oldrel-macos-x86_64, r-oldrel-windows-x86_64

mirror server hosted at Truenetwork, Russian Federation.